{"id":7781,"date":"2024-01-22T09:05:55","date_gmt":"2024-01-22T09:05:55","guid":{"rendered":"https:\/\/lumomat.fr\/?page_id=7781"},"modified":"2025-02-27T16:01:58","modified_gmt":"2025-02-27T16:01:58","slug":"actualite","status":"publish","type":"page","link":"https:\/\/lumomat.fr\/eng\/actualite\/","title":{"rendered":"News"},"content":{"rendered":"<div data-elementor-type=\"wp-page\" data-elementor-id=\"7781\" class=\"elementor elementor-7781\" data-elementor-post-type=\"page\">\n\t\t\t\t<div class=\"elementor-element elementor-element-69af05b e-flex e-con-boxed e-con e-parent\" data-id=\"69af05b\" data-element_type=\"container\" data-e-type=\"container\">\n\t\t\t\t\t<div class=\"e-con-inner\">\n\t\t\t\t<div class=\"elementor-element elementor-element-048977b elementor-widget elementor-widget-spacer\" data-id=\"048977b\" data-element_type=\"widget\" data-e-type=\"widget\" data-widget_type=\"spacer.default\">\n\t\t\t\t\t\t\t<div class=\"elementor-spacer\">\n\t\t\t<div class=\"elementor-spacer-inner\"><\/div>\n\t\t<\/div>\n\t\t\t\t\t\t<\/div>\n\t\t\t\t<div class=\"elementor-element elementor-element-edcdcb0 elementor-widget elementor-widget-heading\" data-id=\"edcdcb0\" data-element_type=\"widget\" data-e-type=\"widget\" data-widget_type=\"heading.default\">\n\t\t\t\t\t<h1 class=\"elementor-heading-title elementor-size-default\">News<\/h1>\t\t\t\t<\/div>\n\t\t\t\t<div class=\"elementor-element elementor-element-bfc9e61 elementor-widget elementor-widget-spacer\" data-id=\"bfc9e61\" data-element_type=\"widget\" data-e-type=\"widget\" data-widget_type=\"spacer.default\">\n\t\t\t\t\t\t\t<div class=\"elementor-spacer\">\n\t\t\t<div class=\"elementor-spacer-inner\"><\/div>\n\t\t<\/div>\n\t\t\t\t\t\t<\/div>\n\t\t\t\t<div class=\"elementor-element elementor-element-66c7262 elementor-widget elementor-widget-text-editor\" data-id=\"66c7262\" data-element_type=\"widget\" data-e-type=\"widget\" data-widget_type=\"text-editor.default\">\n\t\t\t\t\t\t\t\t\t<p style=\"text-align: center;\">Find out more about our latest news on this dedicated page.<\/p>\t\t\t\t\t\t\t\t<\/div>\n\t\t\t\t<div class=\"elementor-element elementor-element-5414ab1 elementor-widget elementor-widget-spacer\" data-id=\"5414ab1\" data-element_type=\"widget\" data-e-type=\"widget\" data-widget_type=\"spacer.default\">\n\t\t\t\t\t\t\t<div class=\"elementor-spacer\">\n\t\t\t<div class=\"elementor-spacer-inner\"><\/div>\n\t\t<\/div>\n\t\t\t\t\t\t<\/div>\n\t\t\t\t\t<\/div>\n\t\t\t\t<\/div>\n\t\t<div class=\"elementor-element elementor-element-b22ae8b e-flex e-con-boxed e-con e-parent\" data-id=\"b22ae8b\" data-element_type=\"container\" data-e-type=\"container\">\n\t\t\t\t\t<div class=\"e-con-inner\">\n\t\t<div class=\"elementor-element elementor-element-7fbbf35 e-flex e-con-boxed e-con e-child\" data-id=\"7fbbf35\" data-element_type=\"container\" data-e-type=\"container\">\n\t\t\t\t\t<div class=\"e-con-inner\">\n\t\t\t\t<div class=\"elementor-element elementor-element-9e48174 elementor-grid-2 elementor-grid-tablet-2 elementor-grid-mobile-1 elementor-posts--thumbnail-top elementor-card-shadow-yes elementor-posts__hover-gradient elementor-widget elementor-widget-posts\" data-id=\"9e48174\" data-element_type=\"widget\" data-e-type=\"widget\" data-settings=\"{&quot;cards_columns&quot;:&quot;2&quot;,&quot;cards_row_gap&quot;:{&quot;unit&quot;:&quot;px&quot;,&quot;size&quot;:10,&quot;sizes&quot;:[]},&quot;pagination_type&quot;:&quot;numbers&quot;,&quot;cards_columns_tablet&quot;:&quot;2&quot;,&quot;cards_columns_mobile&quot;:&quot;1&quot;,&quot;cards_row_gap_tablet&quot;:{&quot;unit&quot;:&quot;px&quot;,&quot;size&quot;:&quot;&quot;,&quot;sizes&quot;:[]},&quot;cards_row_gap_mobile&quot;:{&quot;unit&quot;:&quot;px&quot;,&quot;size&quot;:&quot;&quot;,&quot;sizes&quot;:[]}}\" data-widget_type=\"posts.cards\">\n\t\t\t\t<div class=\"elementor-widget-container\">\n\t\t\t\t\t\t\t<div class=\"elementor-posts-container elementor-posts elementor-posts--skin-cards elementor-grid\" role=\"list\">\n\t\t\t\t<article class=\"elementor-post elementor-grid-item post-9752 post type-post status-publish format-standard has-post-thumbnail hentry category-evenements\" role=\"listitem\">\n\t\t\t<div class=\"elementor-post__card\">\n\t\t\t\t<a class=\"elementor-post__thumbnail__link\" href=\"https:\/\/lumomat.fr\/eng\/she-journee-femmes-et-sciences-at-university-of-angers\/\" tabindex=\"-1\" ><div class=\"elementor-post__thumbnail\"><img fetchpriority=\"high\" decoding=\"async\" width=\"1921\" height=\"1081\" src=\"https:\/\/lumomat.fr\/wp-content\/uploads\/2026\/03\/Fond-PPT-8.png\" class=\"attachment-full size-full wp-image-9774\" alt=\"\" srcset=\"https:\/\/lumomat.fr\/wp-content\/uploads\/2026\/03\/Fond-PPT-8.png 1921w, https:\/\/lumomat.fr\/wp-content\/uploads\/2026\/03\/Fond-PPT-8-300x169.png 300w, https:\/\/lumomat.fr\/wp-content\/uploads\/2026\/03\/Fond-PPT-8-1024x576.png 1024w, https:\/\/lumomat.fr\/wp-content\/uploads\/2026\/03\/Fond-PPT-8-768x432.png 768w, https:\/\/lumomat.fr\/wp-content\/uploads\/2026\/03\/Fond-PPT-8-1536x864.png 1536w, https:\/\/lumomat.fr\/wp-content\/uploads\/2026\/03\/Fond-PPT-8-18x10.png 18w\" sizes=\"(max-width: 1921px) 100vw, 1921px\" \/><\/div><\/a>\n\t\t\t\t<div class=\"elementor-post__badge\">Events<\/div>\n\t\t\t\t<div class=\"elementor-post__text\">\n\t\t\t\t<div class=\"elementor-post__title\">\n\t\t\t<a href=\"https:\/\/lumomat.fr\/eng\/she-journee-femmes-et-sciences-at-university-of-angers\/\" >\n\t\t\t\tJourn\u00e9e Femmes et Sciences 2026 &#8211; SHE at the University of Angers\t\t\t<\/a>\n\t\t<\/div>\n\t\t\n\t\t<a class=\"elementor-post__read-more\" href=\"https:\/\/lumomat.fr\/eng\/she-journee-femmes-et-sciences-at-university-of-angers\/\" aria-label=\"Read more about Journ\u00e9e Femmes et Sciences 2026 &#8211; SHE at the University of Angers\" tabindex=\"-1\" >\n\t\t\tLire la suite \u00bb\t\t<\/a>\n\n\t\t\t\t<\/div>\n\t\t\t\t<div class=\"elementor-post__meta-data\">\n\t\t\t\t\t<span class=\"elementor-post-date\">\n\t\t\tMarch 27, 2026\t\t<\/span>\n\t\t\t\t<\/div>\n\t\t\t\t\t<\/div>\n\t\t<\/article>\n\t\t\t\t<article class=\"elementor-post elementor-grid-item post-9608 post type-post status-publish format-standard has-post-thumbnail hentry category-actualites\" role=\"listitem\">\n\t\t\t<div class=\"elementor-post__card\">\n\t\t\t\t<a class=\"elementor-post__thumbnail__link\" href=\"https:\/\/lumomat.fr\/eng\/sandrine-perruchas-entre-commission-recherche-lumomat\/\" tabindex=\"-1\" ><div class=\"elementor-post__thumbnail\"><img decoding=\"async\" width=\"981\" height=\"631\" src=\"https:\/\/lumomat.fr\/wp-content\/uploads\/2026\/03\/Vignette-Sandrine-Perruchas-ok.png\" class=\"attachment-full size-full wp-image-9681\" alt=\"\" srcset=\"https:\/\/lumomat.fr\/wp-content\/uploads\/2026\/03\/Vignette-Sandrine-Perruchas-ok.png 981w, https:\/\/lumomat.fr\/wp-content\/uploads\/2026\/03\/Vignette-Sandrine-Perruchas-ok-300x193.png 300w, https:\/\/lumomat.fr\/wp-content\/uploads\/2026\/03\/Vignette-Sandrine-Perruchas-ok-768x494.png 768w, https:\/\/lumomat.fr\/wp-content\/uploads\/2026\/03\/Vignette-Sandrine-Perruchas-ok-18x12.png 18w\" sizes=\"(max-width: 981px) 100vw, 981px\" \/><\/div><\/a>\n\t\t\t\t<div class=\"elementor-post__badge\">News<\/div>\n\t\t\t\t<div class=\"elementor-post__text\">\n\t\t\t\t<div class=\"elementor-post__title\">\n\t\t\t<a href=\"https:\/\/lumomat.fr\/eng\/sandrine-perruchas-entre-commission-recherche-lumomat\/\" >\n\t\t\t\tSandrine Perruchas entre \u00e0 la Commission Recherche de l&rsquo;EUR Lumomat\t\t\t<\/a>\n\t\t<\/div>\n\t\t\n\t\t<a class=\"elementor-post__read-more\" href=\"https:\/\/lumomat.fr\/eng\/sandrine-perruchas-entre-commission-recherche-lumomat\/\" aria-label=\"Read more about Sandrine Perruchas entre \u00e0 la Commission Recherche de l&rsquo;EUR Lumomat\" tabindex=\"-1\" >\n\t\t\tLire la suite \u00bb\t\t<\/a>\n\n\t\t\t\t<\/div>\n\t\t\t\t<div class=\"elementor-post__meta-data\">\n\t\t\t\t\t<span class=\"elementor-post-date\">\n\t\t\tMarch 19, 2026\t\t<\/span>\n\t\t\t\t<\/div>\n\t\t\t\t\t<\/div>\n\t\t<\/article>\n\t\t\t\t<article class=\"elementor-post elementor-grid-item post-9585 post type-post status-publish format-standard has-post-thumbnail hentry category-actualites\" role=\"listitem\">\n\t\t\t<div class=\"elementor-post__card\">\n\t\t\t\t<a class=\"elementor-post__thumbnail__link\" href=\"https:\/\/lumomat.fr\/eng\/soutenance-hdr-alexandre-abherve\/\" tabindex=\"-1\" ><div class=\"elementor-post__thumbnail\"><img decoding=\"async\" width=\"985\" height=\"631\" src=\"https:\/\/lumomat.fr\/wp-content\/uploads\/2026\/03\/Miniature-HDR-Alexx72.webp\" class=\"attachment-full size-full wp-image-9591\" alt=\"Miniature de l&#039;article HDR Alexandre Abherv\u00e9\" srcset=\"https:\/\/lumomat.fr\/wp-content\/uploads\/2026\/03\/Miniature-HDR-Alexx72.webp 985w, https:\/\/lumomat.fr\/wp-content\/uploads\/2026\/03\/Miniature-HDR-Alexx72-300x192.webp 300w, https:\/\/lumomat.fr\/wp-content\/uploads\/2026\/03\/Miniature-HDR-Alexx72-768x492.webp 768w, https:\/\/lumomat.fr\/wp-content\/uploads\/2026\/03\/Miniature-HDR-Alexx72-18x12.webp 18w\" sizes=\"(max-width: 985px) 100vw, 985px\" \/><\/div><\/a>\n\t\t\t\t<div class=\"elementor-post__badge\">News<\/div>\n\t\t\t\t<div class=\"elementor-post__text\">\n\t\t\t\t<div class=\"elementor-post__title\">\n\t\t\t<a href=\"https:\/\/lumomat.fr\/eng\/soutenance-hdr-alexandre-abherve\/\" >\n\t\t\t\tSoutenance HDR Alexandre Abherv\u00e9 \u2013 Vendredi 13 Mars 2026\t\t\t<\/a>\n\t\t<\/div>\n\t\t\n\t\t<a class=\"elementor-post__read-more\" href=\"https:\/\/lumomat.fr\/eng\/soutenance-hdr-alexandre-abherve\/\" aria-label=\"Read more about Soutenance HDR Alexandre Abherv\u00e9 \u2013 Vendredi 13 Mars 2026\" tabindex=\"-1\" >\n\t\t\tLire la suite \u00bb\t\t<\/a>\n\n\t\t\t\t<\/div>\n\t\t\t\t<div class=\"elementor-post__meta-data\">\n\t\t\t\t\t<span class=\"elementor-post-date\">\n\t\t\tMarch 16, 2026\t\t<\/span>\n\t\t\t\t<\/div>\n\t\t\t\t\t<\/div>\n\t\t<\/article>\n\t\t\t\t<article class=\"elementor-post elementor-grid-item post-9387 post type-post status-publish format-standard has-post-thumbnail hentry category-actualites\" role=\"listitem\">\n\t\t\t<div class=\"elementor-post__card\">\n\t\t\t\t<a class=\"elementor-post__thumbnail__link\" href=\"https:\/\/lumomat.fr\/eng\/journee-scientifique-lumomat-mai-2026-nantes\/\" tabindex=\"-1\" ><div class=\"elementor-post__thumbnail\"><img loading=\"lazy\" decoding=\"async\" width=\"986\" height=\"631\" src=\"https:\/\/lumomat.fr\/wp-content\/uploads\/2026\/03\/Miniature-JS-Nantes-Mai-2026-8.png\" class=\"attachment-full size-full wp-image-9344\" alt=\"\" srcset=\"https:\/\/lumomat.fr\/wp-content\/uploads\/2026\/03\/Miniature-JS-Nantes-Mai-2026-8.png 986w, https:\/\/lumomat.fr\/wp-content\/uploads\/2026\/03\/Miniature-JS-Nantes-Mai-2026-8-300x192.png 300w, https:\/\/lumomat.fr\/wp-content\/uploads\/2026\/03\/Miniature-JS-Nantes-Mai-2026-8-768x491.png 768w, https:\/\/lumomat.fr\/wp-content\/uploads\/2026\/03\/Miniature-JS-Nantes-Mai-2026-8-18x12.png 18w\" sizes=\"(max-width: 986px) 100vw, 986px\" \/><\/div><\/a>\n\t\t\t\t<div class=\"elementor-post__badge\">News<\/div>\n\t\t\t\t<div class=\"elementor-post__text\">\n\t\t\t\t<div class=\"elementor-post__title\">\n\t\t\t<a href=\"https:\/\/lumomat.fr\/eng\/journee-scientifique-lumomat-mai-2026-nantes\/\" >\n\t\t\t\tJourn\u00e9e Scientifique Lumomat 20 Mai 2026 \u00e0 Nantes : inscrivez-vous !\t\t\t<\/a>\n\t\t<\/div>\n\t\t\n\t\t<a class=\"elementor-post__read-more\" href=\"https:\/\/lumomat.fr\/eng\/journee-scientifique-lumomat-mai-2026-nantes\/\" aria-label=\"Read more about Journ\u00e9e Scientifique Lumomat 20 Mai 2026 \u00e0 Nantes : inscrivez-vous !\" tabindex=\"-1\" >\n\t\t\tLire la suite \u00bb\t\t<\/a>\n\n\t\t\t\t<\/div>\n\t\t\t\t<div class=\"elementor-post__meta-data\">\n\t\t\t\t\t<span class=\"elementor-post-date\">\n\t\t\tMarch 9, 2026\t\t<\/span>\n\t\t\t\t<\/div>\n\t\t\t\t\t<\/div>\n\t\t<\/article>\n\t\t\t\t<article class=\"elementor-post elementor-grid-item post-9380 post type-post status-publish format-standard has-post-thumbnail hentry category-actualites\" role=\"listitem\">\n\t\t\t<div class=\"elementor-post__card\">\n\t\t\t\t<a class=\"elementor-post__thumbnail__link\" href=\"https:\/\/lumomat.fr\/eng\/lancement-appel-a-projets-lumomat-pour-contrats-postdoctoraux\/\" tabindex=\"-1\" ><div class=\"elementor-post__thumbnail\"><img loading=\"lazy\" decoding=\"async\" width=\"985\" height=\"631\" src=\"https:\/\/lumomat.fr\/wp-content\/uploads\/2026\/03\/Miniature-APP-2-2026-ok.png\" class=\"attachment-full size-full wp-image-9654\" alt=\"\" srcset=\"https:\/\/lumomat.fr\/wp-content\/uploads\/2026\/03\/Miniature-APP-2-2026-ok.png 985w, https:\/\/lumomat.fr\/wp-content\/uploads\/2026\/03\/Miniature-APP-2-2026-ok-300x192.png 300w, https:\/\/lumomat.fr\/wp-content\/uploads\/2026\/03\/Miniature-APP-2-2026-ok-768x492.png 768w, https:\/\/lumomat.fr\/wp-content\/uploads\/2026\/03\/Miniature-APP-2-2026-ok-18x12.png 18w\" sizes=\"(max-width: 985px) 100vw, 985px\" \/><\/div><\/a>\n\t\t\t\t<div class=\"elementor-post__badge\">News<\/div>\n\t\t\t\t<div class=\"elementor-post__text\">\n\t\t\t\t<div class=\"elementor-post__title\">\n\t\t\t<a href=\"https:\/\/lumomat.fr\/eng\/lancement-appel-a-projets-lumomat-pour-contrats-postdoctoraux\/\" >\n\t\t\t\tLancement Appel \u00e0 Projets Lumomat pour des contrats postdoctoraux\t\t\t<\/a>\n\t\t<\/div>\n\t\t\n\t\t<a class=\"elementor-post__read-more\" href=\"https:\/\/lumomat.fr\/eng\/lancement-appel-a-projets-lumomat-pour-contrats-postdoctoraux\/\" aria-label=\"Read more about Lancement Appel \u00e0 Projets Lumomat pour des contrats postdoctoraux\" tabindex=\"-1\" >\n\t\t\tLire la suite \u00bb\t\t<\/a>\n\n\t\t\t\t<\/div>\n\t\t\t\t<div class=\"elementor-post__meta-data\">\n\t\t\t\t\t<span class=\"elementor-post-date\">\n\t\t\tMarch 6, 2026\t\t<\/span>\n\t\t\t\t<\/div>\n\t\t\t\t\t<\/div>\n\t\t<\/article>\n\t\t\t\t<article class=\"elementor-post elementor-grid-item post-9261 post type-post status-publish format-standard has-post-thumbnail hentry category-actualites\" role=\"listitem\">\n\t\t\t<div class=\"elementor-post__card\">\n\t\t\t\t<a class=\"elementor-post__thumbnail__link\" href=\"https:\/\/lumomat.fr\/eng\/spring-school-in-chemisty-on-light-matter-interactions\/\" tabindex=\"-1\" ><div class=\"elementor-post__thumbnail\"><img loading=\"lazy\" decoding=\"async\" width=\"985\" height=\"631\" src=\"https:\/\/lumomat.fr\/wp-content\/uploads\/2026\/03\/Miniature-Article-Spring-Schools.png\" class=\"attachment-full size-full wp-image-9266\" alt=\"\" srcset=\"https:\/\/lumomat.fr\/wp-content\/uploads\/2026\/03\/Miniature-Article-Spring-Schools.png 985w, https:\/\/lumomat.fr\/wp-content\/uploads\/2026\/03\/Miniature-Article-Spring-Schools-300x192.png 300w, https:\/\/lumomat.fr\/wp-content\/uploads\/2026\/03\/Miniature-Article-Spring-Schools-768x492.png 768w, https:\/\/lumomat.fr\/wp-content\/uploads\/2026\/03\/Miniature-Article-Spring-Schools-18x12.png 18w\" sizes=\"(max-width: 985px) 100vw, 985px\" \/><\/div><\/a>\n\t\t\t\t<div class=\"elementor-post__badge\">News<\/div>\n\t\t\t\t<div class=\"elementor-post__text\">\n\t\t\t\t<div class=\"elementor-post__title\">\n\t\t\t<a href=\"https:\/\/lumomat.fr\/eng\/spring-school-in-chemisty-on-light-matter-interactions\/\" >\n\t\t\t\tSpring School in chemisty on light-matter interactions\t\t\t<\/a>\n\t\t<\/div>\n\t\t\n\t\t<a class=\"elementor-post__read-more\" href=\"https:\/\/lumomat.fr\/eng\/spring-school-in-chemisty-on-light-matter-interactions\/\" aria-label=\"Read more about Spring School in chemisty on light-matter interactions\" tabindex=\"-1\" >\n\t\t\tLire la suite \u00bb\t\t<\/a>\n\n\t\t\t\t<\/div>\n\t\t\t\t<div class=\"elementor-post__meta-data\">\n\t\t\t\t\t<span class=\"elementor-post-date\">\n\t\t\tMarch 2, 2026\t\t<\/span>\n\t\t\t\t<\/div>\n\t\t\t\t\t<\/div>\n\t\t<\/article>\n\t\t\t\t<\/div>\n\t\t\n\t\t\t\t<div class=\"e-load-more-anchor\" data-page=\"1\" data-max-page=\"10\" data-next-page=\"https:\/\/lumomat.fr\/eng\/wp-json\/wp\/v2\/pages\/7781\/page\/2\/\"><\/div>\n\t\t\t\t<nav class=\"elementor-pagination\" aria-label=\"Paging\">\n\t\t\t<span aria-current=\"page\" class=\"page-numbers current\"><span class=\"elementor-screen-only\">Page<\/span>1<\/span>\n<a class=\"page-numbers\" href=\"https:\/\/lumomat.fr\/eng\/wp-json\/wp\/v2\/pages\/7781\/page\/2\/\"><span class=\"elementor-screen-only\">Page<\/span>2<\/a>\n<a class=\"page-numbers\" href=\"https:\/\/lumomat.fr\/eng\/wp-json\/wp\/v2\/pages\/7781\/page\/3\/\"><span class=\"elementor-screen-only\">Page<\/span>3<\/a>\n<span class=\"page-numbers dots\">&hellip;<\/span>\n<a class=\"page-numbers\" href=\"https:\/\/lumomat.fr\/eng\/wp-json\/wp\/v2\/pages\/7781\/page\/5\/\"><span class=\"elementor-screen-only\">Page<\/span>5<\/a>\t\t<\/nav>\n\t\t\t\t\t\t<\/div>\n\t\t\t\t<\/div>\n\t\t\t\t\t<\/div>\n\t\t\t\t<\/div>\n\t\t\t\t\t<\/div>\n\t\t\t\t<\/div>\n\t\t<div class=\"elementor-element elementor-element-7bb696f e-flex e-con-boxed e-con e-parent\" data-id=\"7bb696f\" data-element_type=\"container\" data-e-type=\"container\">\n\t\t\t\t\t<div class=\"e-con-inner\">\n\t\t\t\t\t<\/div>\n\t\t\t\t<\/div>\n\t\t\t\t<\/div>","protected":false},"excerpt":{"rendered":"<p>Actualit\u00e9s Retrouvez notre actualit\u00e9 sur cette page d\u00e9di\u00e9e.<\/p>","protected":false},"author":3,"featured_media":0,"parent":0,"menu_order":0,"comment_status":"closed","ping_status":"closed","template":"","meta":{"inline_featured_image":false,"site-sidebar-layout":"no-sidebar","site-content-layout":"page-builder","ast-site-content-layout":"full-width-container","site-content-style":"default","site-sidebar-style":"default","ast-global-header-display":"","ast-banner-title-visibility":"","ast-main-header-display":"","ast-hfb-above-header-display":"","ast-hfb-below-header-display":"","ast-hfb-mobile-header-display":"","site-post-title":"disabled","ast-breadcrumbs-content":"","ast-featured-img":"disabled","footer-sml-layout":"","ast-disable-related-posts":"","theme-transparent-header-meta":"","adv-header-id-meta":"","stick-header-meta":"","header-above-stick-meta":"","header-main-stick-meta":"","header-below-stick-meta":"","astra-migrate-meta-layouts":"set","ast-page-background-enabled":"default","ast-page-background-meta":{"desktop":{"background-color":"","background-image":"","background-repeat":"repeat","background-position":"center center","background-size":"auto","background-attachment":"scroll","background-type":"","background-media":"","overlay-type":"","overlay-color":"","overlay-opacity":"","overlay-gradient":""},"tablet":{"background-color":"","background-image":"","background-repeat":"repeat","background-position":"center center","background-size":"auto","background-attachment":"scroll","background-type":"","background-media":"","overlay-type":"","overlay-color":"","overlay-opacity":"","overlay-gradient":""},"mobile":{"background-color":"","background-image":"","background-repeat":"repeat","background-position":"center center","background-size":"auto","background-attachment":"scroll","background-type":"","background-media":"","overlay-type":"","overlay-color":"","overlay-opacity":"","overlay-gradient":""}},"ast-content-background-meta":{"desktop":{"background-color":"var(--ast-global-color-5)","background-image":"","background-repeat":"repeat","background-position":"center center","background-size":"auto","background-attachment":"scroll","background-type":"","background-media":"","overlay-type":"","overlay-color":"","overlay-opacity":"","overlay-gradient":""},"tablet":{"background-color":"var(--ast-global-color-5)","background-image":"","background-repeat":"repeat","background-position":"center center","background-size":"auto","background-attachment":"scroll","background-type":"","background-media":"","overlay-type":"","overlay-color":"","overlay-opacity":"","overlay-gradient":""},"mobile":{"background-color":"var(--ast-global-color-5)","background-image":"","background-repeat":"repeat","background-position":"center center","background-size":"auto","background-attachment":"scroll","background-type":"","background-media":"","overlay-type":"","overlay-color":"","overlay-opacity":"","overlay-gradient":""}},"footnotes":""},"class_list":["post-7781","page","type-page","status-publish","hentry"],"yoast_head":"<!-- This site is optimized with the Yoast SEO plugin v27.3 - https:\/\/yoast.com\/product\/yoast-seo-wordpress\/ -->\n<title>Actualit\u00e9 - lumomat<\/title>\n<meta name=\"robots\" content=\"index, follow, max-snippet:-1, max-image-preview:large, max-video-preview:-1\" \/>\n<link rel=\"canonical\" href=\"https:\/\/lumomat.fr\/eng\/actualite\/\" \/>\n<meta property=\"og:locale\" content=\"en_GB\" \/>\n<meta property=\"og:type\" content=\"article\" \/>\n<meta property=\"og:title\" content=\"Actualit\u00e9 - lumomat\" \/>\n<meta property=\"og:description\" content=\"Actualit\u00e9s Retrouvez notre actualit\u00e9 sur cette page d\u00e9di\u00e9e.\" \/>\n<meta property=\"og:url\" content=\"https:\/\/lumomat.fr\/eng\/actualite\/\" \/>\n<meta property=\"og:site_name\" content=\"lumomat\" \/>\n<meta property=\"article:modified_time\" content=\"2025-02-27T16:01:58+00:00\" \/>\n<meta property=\"og:image\" content=\"https:\/\/lumomat.fr\/wp-content\/uploads\/2024\/01\/lumomat_photo.webp\" \/>\n\t<meta property=\"og:image:width\" content=\"1200\" \/>\n\t<meta property=\"og:image:height\" content=\"675\" \/>\n\t<meta property=\"og:image:type\" content=\"image\/webp\" \/>\n<meta name=\"twitter:card\" content=\"summary_large_image\" \/>\n<meta name=\"twitter:site\" content=\"@EURLUMOMAT\" \/>\n<meta name=\"twitter:label1\" content=\"Estimated reading time\" \/>\n\t<meta name=\"twitter:data1\" content=\"2 minutes\" \/>\n<script type=\"application\/ld+json\" class=\"yoast-schema-graph\">{\"@context\":\"https:\\\/\\\/schema.org\",\"@graph\":[{\"@type\":\"WebPage\",\"@id\":\"https:\\\/\\\/lumomat.fr\\\/actualite\\\/\",\"url\":\"https:\\\/\\\/lumomat.fr\\\/actualite\\\/\",\"name\":\"Actualit\u00e9 - lumomat\",\"isPartOf\":{\"@id\":\"https:\\\/\\\/lumomat.fr\\\/#website\"},\"datePublished\":\"2024-01-22T09:05:55+00:00\",\"dateModified\":\"2025-02-27T16:01:58+00:00\",\"breadcrumb\":{\"@id\":\"https:\\\/\\\/lumomat.fr\\\/actualite\\\/#breadcrumb\"},\"inLanguage\":\"en-GB\",\"potentialAction\":[{\"@type\":\"ReadAction\",\"target\":[\"https:\\\/\\\/lumomat.fr\\\/actualite\\\/\"]}]},{\"@type\":\"BreadcrumbList\",\"@id\":\"https:\\\/\\\/lumomat.fr\\\/actualite\\\/#breadcrumb\",\"itemListElement\":[{\"@type\":\"ListItem\",\"position\":1,\"name\":\"Accueil\",\"item\":\"https:\\\/\\\/lumomat.fr\\\/\"},{\"@type\":\"ListItem\",\"position\":2,\"name\":\"Actualit\u00e9\"}]},{\"@type\":\"WebSite\",\"@id\":\"https:\\\/\\\/lumomat.fr\\\/#website\",\"url\":\"https:\\\/\\\/lumomat.fr\\\/\",\"name\":\"lumomat\",\"description\":\"EUR de chimie\",\"publisher\":{\"@id\":\"https:\\\/\\\/lumomat.fr\\\/#organization\"},\"potentialAction\":[{\"@type\":\"SearchAction\",\"target\":{\"@type\":\"EntryPoint\",\"urlTemplate\":\"https:\\\/\\\/lumomat.fr\\\/?s={search_term_string}\"},\"query-input\":{\"@type\":\"PropertyValueSpecification\",\"valueRequired\":true,\"valueName\":\"search_term_string\"}}],\"inLanguage\":\"en-GB\"},{\"@type\":\"Organization\",\"@id\":\"https:\\\/\\\/lumomat.fr\\\/#organization\",\"name\":\"lumomat\",\"url\":\"https:\\\/\\\/lumomat.fr\\\/\",\"logo\":{\"@type\":\"ImageObject\",\"inLanguage\":\"en-GB\",\"@id\":\"https:\\\/\\\/lumomat.fr\\\/#\\\/schema\\\/logo\\\/image\\\/\",\"url\":\"https:\\\/\\\/lumomat.fr\\\/wp-content\\\/uploads\\\/2023\\\/12\\\/lumomat_simple_couleur.svg\",\"contentUrl\":\"https:\\\/\\\/lumomat.fr\\\/wp-content\\\/uploads\\\/2023\\\/12\\\/lumomat_simple_couleur.svg\",\"width\":483,\"height\":110,\"caption\":\"lumomat\"},\"image\":{\"@id\":\"https:\\\/\\\/lumomat.fr\\\/#\\\/schema\\\/logo\\\/image\\\/\"},\"sameAs\":[\"https:\\\/\\\/x.com\\\/EURLUMOMAT\",\"https:\\\/\\\/www.linkedin.com\\\/in\\\/eur-lumomat-9b3b53114\"]}]}<\/script>\n<!-- \/ Yoast SEO plugin. -->","yoast_head_json":{"title":"Actualit\u00e9 - lumomat","robots":{"index":"index","follow":"follow","max-snippet":"max-snippet:-1","max-image-preview":"max-image-preview:large","max-video-preview":"max-video-preview:-1"},"canonical":"https:\/\/lumomat.fr\/eng\/actualite\/","og_locale":"en_GB","og_type":"article","og_title":"Actualit\u00e9 - lumomat","og_description":"Actualit\u00e9s Retrouvez notre actualit\u00e9 sur cette page d\u00e9di\u00e9e.","og_url":"https:\/\/lumomat.fr\/eng\/actualite\/","og_site_name":"lumomat","article_modified_time":"2025-02-27T16:01:58+00:00","og_image":[{"width":1200,"height":675,"url":"https:\/\/lumomat.fr\/wp-content\/uploads\/2024\/01\/lumomat_photo.webp","type":"image\/webp"}],"twitter_card":"summary_large_image","twitter_site":"@EURLUMOMAT","twitter_misc":{"Estimated reading time":"2 minutes"},"schema":{"@context":"https:\/\/schema.org","@graph":[{"@type":"WebPage","@id":"https:\/\/lumomat.fr\/actualite\/","url":"https:\/\/lumomat.fr\/actualite\/","name":"Actualit\u00e9 - lumomat","isPartOf":{"@id":"https:\/\/lumomat.fr\/#website"},"datePublished":"2024-01-22T09:05:55+00:00","dateModified":"2025-02-27T16:01:58+00:00","breadcrumb":{"@id":"https:\/\/lumomat.fr\/actualite\/#breadcrumb"},"inLanguage":"en-GB","potentialAction":[{"@type":"ReadAction","target":["https:\/\/lumomat.fr\/actualite\/"]}]},{"@type":"BreadcrumbList","@id":"https:\/\/lumomat.fr\/actualite\/#breadcrumb","itemListElement":[{"@type":"ListItem","position":1,"name":"Accueil","item":"https:\/\/lumomat.fr\/"},{"@type":"ListItem","position":2,"name":"Actualit\u00e9"}]},{"@type":"WebSite","@id":"https:\/\/lumomat.fr\/#website","url":"https:\/\/lumomat.fr\/","name":"lumomat","description":"EUR de chimie","publisher":{"@id":"https:\/\/lumomat.fr\/#organization"},"potentialAction":[{"@type":"SearchAction","target":{"@type":"EntryPoint","urlTemplate":"https:\/\/lumomat.fr\/?s={search_term_string}"},"query-input":{"@type":"PropertyValueSpecification","valueRequired":true,"valueName":"search_term_string"}}],"inLanguage":"en-GB"},{"@type":"Organization","@id":"https:\/\/lumomat.fr\/#organization","name":"lumomat","url":"https:\/\/lumomat.fr\/","logo":{"@type":"ImageObject","inLanguage":"en-GB","@id":"https:\/\/lumomat.fr\/#\/schema\/logo\/image\/","url":"https:\/\/lumomat.fr\/wp-content\/uploads\/2023\/12\/lumomat_simple_couleur.svg","contentUrl":"https:\/\/lumomat.fr\/wp-content\/uploads\/2023\/12\/lumomat_simple_couleur.svg","width":483,"height":110,"caption":"lumomat"},"image":{"@id":"https:\/\/lumomat.fr\/#\/schema\/logo\/image\/"},"sameAs":["https:\/\/x.com\/EURLUMOMAT","https:\/\/www.linkedin.com\/in\/eur-lumomat-9b3b53114"]}]}},"_links":{"self":[{"href":"https:\/\/lumomat.fr\/eng\/wp-json\/wp\/v2\/pages\/7781","targetHints":{"allow":["GET"]}}],"collection":[{"href":"https:\/\/lumomat.fr\/eng\/wp-json\/wp\/v2\/pages"}],"about":[{"href":"https:\/\/lumomat.fr\/eng\/wp-json\/wp\/v2\/types\/page"}],"author":[{"embeddable":true,"href":"https:\/\/lumomat.fr\/eng\/wp-json\/wp\/v2\/users\/3"}],"replies":[{"embeddable":true,"href":"https:\/\/lumomat.fr\/eng\/wp-json\/wp\/v2\/comments?post=7781"}],"version-history":[{"count":25,"href":"https:\/\/lumomat.fr\/eng\/wp-json\/wp\/v2\/pages\/7781\/revisions"}],"predecessor-version":[{"id":8670,"href":"https:\/\/lumomat.fr\/eng\/wp-json\/wp\/v2\/pages\/7781\/revisions\/8670"}],"wp:attachment":[{"href":"https:\/\/lumomat.fr\/eng\/wp-json\/wp\/v2\/media?parent=7781"}],"curies":[{"name":"wp","href":"https:\/\/api.w.org\/{rel}","templated":true}]}}