{"id":8051,"date":"2024-03-20T10:10:33","date_gmt":"2024-03-20T10:10:33","guid":{"rendered":"https:\/\/lumomat.fr\/?page_id=8051"},"modified":"2024-03-25T17:14:48","modified_gmt":"2024-03-25T17:14:48","slug":"mentions-legales","status":"publish","type":"page","link":"https:\/\/lumomat.fr\/eng\/mentions-legales\/","title":{"rendered":"Legal notice"},"content":{"rendered":"<div data-elementor-type=\"wp-page\" data-elementor-id=\"8051\" class=\"elementor elementor-8051\" data-elementor-post-type=\"page\">\n\t\t\t\t<div class=\"elementor-element elementor-element-81a21ed e-flex e-con-boxed e-con e-parent\" data-id=\"81a21ed\" data-element_type=\"container\" data-e-type=\"container\">\n\t\t\t\t\t<div class=\"e-con-inner\">\n\t\t\t\t<div class=\"elementor-element elementor-element-753d92f elementor-widget elementor-widget-spacer\" data-id=\"753d92f\" data-element_type=\"widget\" data-e-type=\"widget\" data-widget_type=\"spacer.default\">\n\t\t\t\t\t\t\t<div class=\"elementor-spacer\">\n\t\t\t<div class=\"elementor-spacer-inner\"><\/div>\n\t\t<\/div>\n\t\t\t\t\t\t<\/div>\n\t\t\t\t<div class=\"elementor-element elementor-element-c49bdf3 elementor-widget elementor-widget-heading\" data-id=\"c49bdf3\" data-element_type=\"widget\" data-e-type=\"widget\" data-widget_type=\"heading.default\">\n\t\t\t\t\t<h1 class=\"elementor-heading-title elementor-size-default\">Legal notice <\/h1>\t\t\t\t<\/div>\n\t\t\t\t<div class=\"elementor-element elementor-element-6bb6b60 elementor-widget elementor-widget-spacer\" data-id=\"6bb6b60\" data-element_type=\"widget\" data-e-type=\"widget\" data-widget_type=\"spacer.default\">\n\t\t\t\t\t\t\t<div class=\"elementor-spacer\">\n\t\t\t<div class=\"elementor-spacer-inner\"><\/div>\n\t\t<\/div>\n\t\t\t\t\t\t<\/div>\n\t\t\t\t<div class=\"elementor-element elementor-element-1d4d777 elementor-widget elementor-widget-spacer\" data-id=\"1d4d777\" data-element_type=\"widget\" data-e-type=\"widget\" data-widget_type=\"spacer.default\">\n\t\t\t\t\t\t\t<div class=\"elementor-spacer\">\n\t\t\t<div class=\"elementor-spacer-inner\"><\/div>\n\t\t<\/div>\n\t\t\t\t\t\t<\/div>\n\t\t\t\t\t<\/div>\n\t\t\t\t<\/div>\n\t\t<div class=\"elementor-element elementor-element-16af4f5 e-flex e-con-boxed e-con e-parent\" data-id=\"16af4f5\" data-element_type=\"container\" data-e-type=\"container\">\n\t\t\t\t\t<div class=\"e-con-inner\">\n\t\t\t\t<div class=\"elementor-element elementor-element-bb8b777 elementor-widget elementor-widget-text-editor\" data-id=\"bb8b777\" data-element_type=\"widget\" data-e-type=\"widget\" data-widget_type=\"text-editor.default\">\n\t\t\t\t\t\t\t\t\t<h2>EDITEUR<\/h2>\n<ul>\n<li><strong>Nom ou raison sociale :<\/strong> Lumonat<\/li>\n<li><strong>Forme juridique :<\/strong>&nbsp;<\/li>\n<li><strong>Adresse postale : <\/strong>2, Bd Lavoisier , 49045 ANGERS<strong>,<\/strong>&nbsp;France&nbsp;<\/li>\n<li><strong>Num\u00e9ro de t\u00e9l\u00e9phone :&nbsp;<\/strong><\/li>\n<li><strong>Adresse e-mail : <\/strong><a href=\"mailto:eur-lumomat@univ-angers.fr\">eur-lumomat@univ-angers.fr<\/a><\/li>\n<li><strong>Num\u00e9ro d\u2019immatriculation au registre du commerce et des soci\u00e9t\u00e9s (RCS) :&nbsp;<\/strong><\/li>\n<li><strong>Num\u00e9ro de TVA intracommunautaire :\n<\/strong><p><strong><\/strong><\/p><\/li>\n<\/ul>\n<h2>H\u00c9BERGEMENT<\/h2>\n<p>OVH rue Kellermann<br>59100 Roubaix<br>France<\/p>\n<h2>DESIGN ET D\u00c9VELOPPEMENT<\/h2>\n<p><strong>Site r\u00e9alis\u00e9 par LUMOMAT en partenariat avec MIMOSA<br><\/strong>www.mimosacom.com<br>14 rue Savary, 49100 ANGERS<\/p>\n<h2>CONDITIONS D\u2019ACC\u00c8S ET D\u2019UTILISATION<\/h2>\n<p>Toute consultation et utilisation du site <a href=\"https:\/\/lumomat.fr\/eng\/\">https:\/\/lumomat.fr\/<\/a> implique l\u2019acceptation sans restriction des termes de la r\u00e9glementation pr\u00e9sente dans les mentions l\u00e9gales ci-dessous. Par cons\u00e9quent, tout acc\u00e8s au site <a href=\"https:\/\/lumomat.fr\/eng\/\">https:\/\/lumomat.fr\/<\/a> est soumis \u00e0 cette r\u00e9glementation ainsi qu\u2019aux lois en vigueur.<\/p>\n<h2>CONTENU<\/h2>\n<p>Le site <a href=\"https:\/\/lumomat.fr\/eng\/\">https:\/\/lumomat.fr\/<\/a> contient des informations relatives \u00e0 l\u2019\u00e9diteur.<br>Toute information fournie sur ce site l\u2019est exclusivement \u00e0 titre indicatif. L\u2019information contenue sur ce site est con\u00e7ue pour \u00eatre aussi exhaustive que possible.<br>L\u2019\u00e9diteur se r\u00e9serve le droit d\u2019apporter, \u00e0 tout moment et sans pr\u00e9avis, des modifications au programme.<\/p>\n<h2>COPYRIGHT, AVIS DE PROPRI\u00c9T\u00c9 INTELLECTUELLE ET INDUSTRIELLE<\/h2>\n<p>La pr\u00e9sentation et le contenu de ce site sont int\u00e9gralement prot\u00e9g\u00e9s par la r\u00e9glementation relative \u00e0 la protection des droits de propri\u00e9t\u00e9 intellectuelle et industrielle. Les informations, textes, images ou graphiques ne peuvent \u00eatre utilis\u00e9s qu\u2019\u00e0 titre strictement personnel et dans un but non commercial. Toute forme de reproduction, de modification, de transmission, d\u2019attribution de licence ou de publication de tout ou partie de ce mat\u00e9riel, \u00e0 quelque fin que ce soit, est interdite sans l\u2019autorisation \u00e9crite pr\u00e9alable de l\u2019\u00e9diteur, sauf pour \u00eatre visionn\u00e9.<\/p>\n<h2>HYPERLIENS<\/h2>\n<p>Le site <a href=\"https:\/\/lumomat.fr\/eng\/\">https:\/\/lumomat.fr\/<\/a> peut contenir des liens hypertextes menant \u00e0 d\u2019autres sites Internet totalement ind\u00e9pendants du site <a href=\"https:\/\/lumomat.fr\/eng\/\">https:\/\/lumomat.fr\/<\/a> D\u00e8s lors, tout acc\u00e8s \u00e0 un autre site Internet li\u00e9 au site <a href=\"https:\/\/lumomat.fr\/eng\/\">https:\/\/lumomat.fr\/<\/a> s\u2019effectue sous la propre responsabilit\u00e9, pleine et enti\u00e8re, de l\u2019utilisateur.<\/p>\n<h2>RESPONSABILIT\u00c9 LIMIT\u00c9E<\/h2>\n<p>L\u2019\u00e9diteur d\u00e9cline sp\u00e9cifiquement toute responsabilit\u00e9 pour les \u00e9ventuels pr\u00e9judices directs, indirects, accidentels, cons\u00e9cutifs ou sp\u00e9ciaux li\u00e9s \u00e0 l\u2019acc\u00e8s ou \u00e0 l\u2019utilisation du site <a href=\"https:\/\/lumomat.fr\/eng\/\">https:\/\/lumomat.fr\/<\/a> ou subis en cons\u00e9quence de ceux-ci, y compris, mais sans s\u2019y limiter, \u00e0 toute perte ou dommage provoqu\u00e9s par des virus affectant l\u2019\u00e9quipement informatique de l\u2019utilisateur ou r\u00e9sultant du cr\u00e9dit accord\u00e9 \u00e0 une information obtenue par le biais du site <a href=\"https:\/\/lumomat.fr\/eng\/\">https:\/\/lumomat.fr\/<\/a>.<\/p>\n<p>De m\u00eame, l\u2019\u00e9diteur du pr\u00e9sent site ne peut \u00eatre tenu responsable en cas de mauvaise utilisation du site par l\u2019utilisateur ou en cas d\u2019indisponibilit\u00e9 temporaire du site (cas de force majeure, de p\u00e9riode de maintenance ou d\u2019incident technique, quel qu\u2019il soit).<\/p>\n<p>L\u2019utilisateur est le seul et unique responsable de l\u2019usage des informations figurant sur le pr\u00e9sent site et des cons\u00e9quences qui pourraient en d\u00e9couler, notamment quant aux d\u00e9cisions prises et aux actions entreprises sur la base de ces informations.<\/p>\n<h2>MISE \u00c0 JOUR DE LA R\u00c9GLEMENTATION DU SITE<\/h2>\n<p>L\u2019\u00e9diteur pourra, en fonction de ses imp\u00e9ratifs commerciaux, modifier les mentions l\u00e9gales de son site. Chaque internaute est donc invit\u00e9 \u00e0 visiter la pr\u00e9sente page lors de chaque consultation du site afin de prendre connaissance de ladite r\u00e9glementation.<\/p>\t\t\t\t\t\t\t\t<\/div>\n\t\t\t\t\t<\/div>\n\t\t\t\t<\/div>\n\t\t\t\t<\/div>","protected":false},"excerpt":{"rendered":"<p>Mentions l\u00e9gales EDITEUR Nom ou raison sociale : Lumonat Forme juridique :&nbsp; Adresse postale : 2, Bd Lavoisier , 49045 ANGERS,&nbsp;France&nbsp; Num\u00e9ro de t\u00e9l\u00e9phone :&nbsp; Adresse e-mail : eur-lumomat@univ-angers.fr Num\u00e9ro d\u2019immatriculation au registre du commerce et des soci\u00e9t\u00e9s (RCS) :&nbsp; Num\u00e9ro de TVA intracommunautaire : H\u00c9BERGEMENT OVH rue Kellermann59100 RoubaixFrance DESIGN ET D\u00c9VELOPPEMENT Site r\u00e9alis\u00e9 [&hellip;]<\/p>\n","protected":false},"author":3,"featured_media":0,"parent":0,"menu_order":0,"comment_status":"closed","ping_status":"closed","template":"","meta":{"inline_featured_image":false,"site-sidebar-layout":"no-sidebar","site-content-layout":"page-builder","ast-site-content-layout":"full-width-container","site-content-style":"default","site-sidebar-style":"default","ast-global-header-display":"","ast-banner-title-visibility":"","ast-main-header-display":"","ast-hfb-above-header-display":"","ast-hfb-below-header-display":"","ast-hfb-mobile-header-display":"","site-post-title":"disabled","ast-breadcrumbs-content":"","ast-featured-img":"disabled","footer-sml-layout":"","ast-disable-related-posts":"","theme-transparent-header-meta":"","adv-header-id-meta":"","stick-header-meta":"","header-above-stick-meta":"","header-main-stick-meta":"","header-below-stick-meta":"","astra-migrate-meta-layouts":"set","ast-page-background-enabled":"default","ast-page-background-meta":{"desktop":{"background-color":"","background-image":"","background-repeat":"repeat","background-position":"center center","background-size":"auto","background-attachment":"scroll","background-type":"","background-media":"","overlay-type":"","overlay-color":"","overlay-opacity":"","overlay-gradient":""},"tablet":{"background-color":"","background-image":"","background-repeat":"repeat","background-position":"center center","background-size":"auto","background-attachment":"scroll","background-type":"","background-media":"","overlay-type":"","overlay-color":"","overlay-opacity":"","overlay-gradient":""},"mobile":{"background-color":"","background-image":"","background-repeat":"repeat","background-position":"center center","background-size":"auto","background-attachment":"scroll","background-type":"","background-media":"","overlay-type":"","overlay-color":"","overlay-opacity":"","overlay-gradient":""}},"ast-content-background-meta":{"desktop":{"background-color":"var(--ast-global-color-5)","background-image":"","background-repeat":"repeat","background-position":"center center","background-size":"auto","background-attachment":"scroll","background-type":"","background-media":"","overlay-type":"","overlay-color":"","overlay-opacity":"","overlay-gradient":""},"tablet":{"background-color":"var(--ast-global-color-5)","background-image":"","background-repeat":"repeat","background-position":"center center","background-size":"auto","background-attachment":"scroll","background-type":"","background-media":"","overlay-type":"","overlay-color":"","overlay-opacity":"","overlay-gradient":""},"mobile":{"background-color":"var(--ast-global-color-5)","background-image":"","background-repeat":"repeat","background-position":"center center","background-size":"auto","background-attachment":"scroll","background-type":"","background-media":"","overlay-type":"","overlay-color":"","overlay-opacity":"","overlay-gradient":""}},"footnotes":""},"class_list":["post-8051","page","type-page","status-publish","hentry"],"yoast_head":"<!-- This site is optimized with the Yoast SEO plugin v27.3 - https:\/\/yoast.com\/product\/yoast-seo-wordpress\/ -->\n<title>Mentions l\u00e9gales - lumomat<\/title>\n<meta name=\"robots\" content=\"index, follow, max-snippet:-1, max-image-preview:large, max-video-preview:-1\" \/>\n<link rel=\"canonical\" href=\"https:\/\/lumomat.fr\/eng\/mentions-legales\/\" \/>\n<meta property=\"og:locale\" content=\"en_GB\" \/>\n<meta property=\"og:type\" content=\"article\" \/>\n<meta property=\"og:title\" content=\"Mentions l\u00e9gales - lumomat\" \/>\n<meta property=\"og:description\" content=\"Mentions l\u00e9gales EDITEUR Nom ou raison sociale : Lumonat Forme juridique :&nbsp; Adresse postale : 2, Bd Lavoisier , 49045 ANGERS,&nbsp;France&nbsp; Num\u00e9ro de t\u00e9l\u00e9phone :&nbsp; Adresse e-mail : eur-lumomat@univ-angers.fr Num\u00e9ro d\u2019immatriculation au registre du commerce et des soci\u00e9t\u00e9s (RCS) :&nbsp; Num\u00e9ro de TVA intracommunautaire : H\u00c9BERGEMENT OVH rue Kellermann59100 RoubaixFrance DESIGN ET D\u00c9VELOPPEMENT Site r\u00e9alis\u00e9 [&hellip;]\" \/>\n<meta property=\"og:url\" content=\"https:\/\/lumomat.fr\/eng\/mentions-legales\/\" \/>\n<meta property=\"og:site_name\" content=\"lumomat\" \/>\n<meta property=\"article:modified_time\" content=\"2024-03-25T17:14:48+00:00\" \/>\n<meta property=\"og:image\" content=\"https:\/\/lumomat.fr\/wp-content\/uploads\/2024\/01\/lumomat_photo.webp\" \/>\n\t<meta property=\"og:image:width\" content=\"1200\" \/>\n\t<meta property=\"og:image:height\" content=\"675\" \/>\n\t<meta property=\"og:image:type\" content=\"image\/webp\" \/>\n<meta name=\"twitter:card\" content=\"summary_large_image\" \/>\n<meta name=\"twitter:site\" content=\"@EURLUMOMAT\" \/>\n<meta name=\"twitter:label1\" content=\"Estimated reading time\" \/>\n\t<meta name=\"twitter:data1\" content=\"3 minutes\" \/>\n<script type=\"application\/ld+json\" class=\"yoast-schema-graph\">{\"@context\":\"https:\\\/\\\/schema.org\",\"@graph\":[{\"@type\":\"WebPage\",\"@id\":\"https:\\\/\\\/lumomat.fr\\\/mentions-legales\\\/\",\"url\":\"https:\\\/\\\/lumomat.fr\\\/mentions-legales\\\/\",\"name\":\"Mentions l\u00e9gales - lumomat\",\"isPartOf\":{\"@id\":\"https:\\\/\\\/lumomat.fr\\\/#website\"},\"datePublished\":\"2024-03-20T10:10:33+00:00\",\"dateModified\":\"2024-03-25T17:14:48+00:00\",\"breadcrumb\":{\"@id\":\"https:\\\/\\\/lumomat.fr\\\/mentions-legales\\\/#breadcrumb\"},\"inLanguage\":\"en-GB\",\"potentialAction\":[{\"@type\":\"ReadAction\",\"target\":[\"https:\\\/\\\/lumomat.fr\\\/mentions-legales\\\/\"]}]},{\"@type\":\"BreadcrumbList\",\"@id\":\"https:\\\/\\\/lumomat.fr\\\/mentions-legales\\\/#breadcrumb\",\"itemListElement\":[{\"@type\":\"ListItem\",\"position\":1,\"name\":\"Accueil\",\"item\":\"https:\\\/\\\/lumomat.fr\\\/\"},{\"@type\":\"ListItem\",\"position\":2,\"name\":\"Mentions l\u00e9gales\"}]},{\"@type\":\"WebSite\",\"@id\":\"https:\\\/\\\/lumomat.fr\\\/#website\",\"url\":\"https:\\\/\\\/lumomat.fr\\\/\",\"name\":\"lumomat\",\"description\":\"EUR de chimie\",\"publisher\":{\"@id\":\"https:\\\/\\\/lumomat.fr\\\/#organization\"},\"potentialAction\":[{\"@type\":\"SearchAction\",\"target\":{\"@type\":\"EntryPoint\",\"urlTemplate\":\"https:\\\/\\\/lumomat.fr\\\/?s={search_term_string}\"},\"query-input\":{\"@type\":\"PropertyValueSpecification\",\"valueRequired\":true,\"valueName\":\"search_term_string\"}}],\"inLanguage\":\"en-GB\"},{\"@type\":\"Organization\",\"@id\":\"https:\\\/\\\/lumomat.fr\\\/#organization\",\"name\":\"lumomat\",\"url\":\"https:\\\/\\\/lumomat.fr\\\/\",\"logo\":{\"@type\":\"ImageObject\",\"inLanguage\":\"en-GB\",\"@id\":\"https:\\\/\\\/lumomat.fr\\\/#\\\/schema\\\/logo\\\/image\\\/\",\"url\":\"https:\\\/\\\/lumomat.fr\\\/wp-content\\\/uploads\\\/2023\\\/12\\\/lumomat_simple_couleur.svg\",\"contentUrl\":\"https:\\\/\\\/lumomat.fr\\\/wp-content\\\/uploads\\\/2023\\\/12\\\/lumomat_simple_couleur.svg\",\"width\":483,\"height\":110,\"caption\":\"lumomat\"},\"image\":{\"@id\":\"https:\\\/\\\/lumomat.fr\\\/#\\\/schema\\\/logo\\\/image\\\/\"},\"sameAs\":[\"https:\\\/\\\/x.com\\\/EURLUMOMAT\",\"https:\\\/\\\/www.linkedin.com\\\/in\\\/eur-lumomat-9b3b53114\"]}]}<\/script>\n<!-- \/ Yoast SEO plugin. -->","yoast_head_json":{"title":"Mentions l\u00e9gales - lumomat","robots":{"index":"index","follow":"follow","max-snippet":"max-snippet:-1","max-image-preview":"max-image-preview:large","max-video-preview":"max-video-preview:-1"},"canonical":"https:\/\/lumomat.fr\/eng\/mentions-legales\/","og_locale":"en_GB","og_type":"article","og_title":"Mentions l\u00e9gales - lumomat","og_description":"Mentions l\u00e9gales EDITEUR Nom ou raison sociale : Lumonat Forme juridique :&nbsp; Adresse postale : 2, Bd Lavoisier , 49045 ANGERS,&nbsp;France&nbsp; Num\u00e9ro de t\u00e9l\u00e9phone :&nbsp; Adresse e-mail : eur-lumomat@univ-angers.fr Num\u00e9ro d\u2019immatriculation au registre du commerce et des soci\u00e9t\u00e9s (RCS) :&nbsp; Num\u00e9ro de TVA intracommunautaire : H\u00c9BERGEMENT OVH rue Kellermann59100 RoubaixFrance DESIGN ET D\u00c9VELOPPEMENT Site r\u00e9alis\u00e9 [&hellip;]","og_url":"https:\/\/lumomat.fr\/eng\/mentions-legales\/","og_site_name":"lumomat","article_modified_time":"2024-03-25T17:14:48+00:00","og_image":[{"width":1200,"height":675,"url":"https:\/\/lumomat.fr\/wp-content\/uploads\/2024\/01\/lumomat_photo.webp","type":"image\/webp"}],"twitter_card":"summary_large_image","twitter_site":"@EURLUMOMAT","twitter_misc":{"Estimated reading time":"3 minutes"},"schema":{"@context":"https:\/\/schema.org","@graph":[{"@type":"WebPage","@id":"https:\/\/lumomat.fr\/mentions-legales\/","url":"https:\/\/lumomat.fr\/mentions-legales\/","name":"Mentions l\u00e9gales - lumomat","isPartOf":{"@id":"https:\/\/lumomat.fr\/#website"},"datePublished":"2024-03-20T10:10:33+00:00","dateModified":"2024-03-25T17:14:48+00:00","breadcrumb":{"@id":"https:\/\/lumomat.fr\/mentions-legales\/#breadcrumb"},"inLanguage":"en-GB","potentialAction":[{"@type":"ReadAction","target":["https:\/\/lumomat.fr\/mentions-legales\/"]}]},{"@type":"BreadcrumbList","@id":"https:\/\/lumomat.fr\/mentions-legales\/#breadcrumb","itemListElement":[{"@type":"ListItem","position":1,"name":"Accueil","item":"https:\/\/lumomat.fr\/"},{"@type":"ListItem","position":2,"name":"Mentions l\u00e9gales"}]},{"@type":"WebSite","@id":"https:\/\/lumomat.fr\/#website","url":"https:\/\/lumomat.fr\/","name":"lumomat","description":"EUR de chimie","publisher":{"@id":"https:\/\/lumomat.fr\/#organization"},"potentialAction":[{"@type":"SearchAction","target":{"@type":"EntryPoint","urlTemplate":"https:\/\/lumomat.fr\/?s={search_term_string}"},"query-input":{"@type":"PropertyValueSpecification","valueRequired":true,"valueName":"search_term_string"}}],"inLanguage":"en-GB"},{"@type":"Organization","@id":"https:\/\/lumomat.fr\/#organization","name":"lumomat","url":"https:\/\/lumomat.fr\/","logo":{"@type":"ImageObject","inLanguage":"en-GB","@id":"https:\/\/lumomat.fr\/#\/schema\/logo\/image\/","url":"https:\/\/lumomat.fr\/wp-content\/uploads\/2023\/12\/lumomat_simple_couleur.svg","contentUrl":"https:\/\/lumomat.fr\/wp-content\/uploads\/2023\/12\/lumomat_simple_couleur.svg","width":483,"height":110,"caption":"lumomat"},"image":{"@id":"https:\/\/lumomat.fr\/#\/schema\/logo\/image\/"},"sameAs":["https:\/\/x.com\/EURLUMOMAT","https:\/\/www.linkedin.com\/in\/eur-lumomat-9b3b53114"]}]}},"_links":{"self":[{"href":"https:\/\/lumomat.fr\/eng\/wp-json\/wp\/v2\/pages\/8051","targetHints":{"allow":["GET"]}}],"collection":[{"href":"https:\/\/lumomat.fr\/eng\/wp-json\/wp\/v2\/pages"}],"about":[{"href":"https:\/\/lumomat.fr\/eng\/wp-json\/wp\/v2\/types\/page"}],"author":[{"embeddable":true,"href":"https:\/\/lumomat.fr\/eng\/wp-json\/wp\/v2\/users\/3"}],"replies":[{"embeddable":true,"href":"https:\/\/lumomat.fr\/eng\/wp-json\/wp\/v2\/comments?post=8051"}],"version-history":[{"count":16,"href":"https:\/\/lumomat.fr\/eng\/wp-json\/wp\/v2\/pages\/8051\/revisions"}],"predecessor-version":[{"id":8091,"href":"https:\/\/lumomat.fr\/eng\/wp-json\/wp\/v2\/pages\/8051\/revisions\/8091"}],"wp:attachment":[{"href":"https:\/\/lumomat.fr\/eng\/wp-json\/wp\/v2\/media?parent=8051"}],"curies":[{"name":"wp","href":"https:\/\/api.w.org\/{rel}","templated":true}]}}